w, 2*h - 3*w - 2*w = -38. Let f = v - h. What is the greatest common divisor of f and 49?
49
Suppose 1671 = 5*y + 2*g, 3*y + 5*g + 680 = 5*y. Suppose -2*l = 5*p - 318, -630 = 24*l - 29*l + 4*p. Calculate the greatest common divisor of l and y.
67
Let l be (15/(-9))/(1/(-24)). Suppose -5*i = -5*k - 0*i + l, -4*k + 14 = 2*i. Let h be k*(18/9 - (-2 + 2)). What is the highest common divisor of h and 40?
10
Suppose -d + 2*y + 46 = 0, 0 = d - 3*d - 5*y + 56. Let k(g) = 4*g + 13 - 1 - g + g**2 + 3. Let i be k(-4). Calculate the greatest common divisor of d and i.
19
Let x = -35569 + 36139. Calculate the greatest common factor of 3270 and x.
30
Let j(b) = -8*b - 4. Let t be j(-2). Let q = 16 - t. Let d be q/(-6) - (-265)/15. What is the highest common divisor of d and 119?
17
Suppose 5*h - 4291 = 4*h - 2*l, 0 = 3*h - l - 12908. Calculate the highest common divisor of 1265 and h.
253
Let x = 25356 + -6194. What is the highest common factor of x and 52?
26
Suppose 0 = 80*m + 42*m - 1952. Calculate the highest common divisor of 28 and m.
4
Let z = -110 + 130. Suppose p - 210 + z = 0. What is the highest common divisor of p and 38?
38
Let m = 23848 + -23819. Let y be (-2*4)/((-2)/116). What is the highest common divisor of m and y?
29
Let t be (3/(-2))/(24/(-6288)). Suppose -93 = -2*d + t. What is the greatest common divisor of 54 and d?
27
Let d be (55/2*21/105)/((-4)/(-240)). Calculate the highest common factor of 402 and d.
6
Let n be 0 + 1 + -2 - (-156 - -132). Suppose 30*i = n*i + 77. What is the greatest common factor of 99 and i?
11
Suppose -44*z + 39*z - 2196 = -2*o, -5*o = 5*z - 5490. Calculate the greatest common divisor of 122 and o.
122
Suppose -o + 272 = 13. Suppose 0 = -3*g, -5*g - 5 = -w - 2. Let a be (w/((-18)/(-148)))/((-8)/(-12)). What is the highest common divisor of o and a?
37
Let r = -18 + 21. Suppose r*p - n = -16212, -p - 2*n = 2*p + 16212. Let u be 16/104 - p/26. What is the greatest common factor of u and 13?
13
Let r(w) = w**3 + 11*w**2 - 21*w + 9. Let s be r(-10). Suppose 5*i - 6*u = -4*u + 318, 5*i - u - s = 0. Calculate the highest common factor of 32 and i.
32
Let l be 70/(-154) - (18/33)/1 - -69. What is the greatest common divisor of l and 1037?
17
Let r(c) = -45*c + 1260. Let p be r(27). What is the highest common factor of 60 and p?
15
Let t = 3286 + -2308. Calculate the greatest common divisor of 12 and t.
6
Suppose -8*w + 14536 = 2*d, -10*w - 2*d = -11*w + 1826. Calculate the greatest common factor of 84 and w.
6
Suppose -19*n - 893 = -1634. Let y = -10 - -11. Calculate the highest common divisor of y and n.
1
Let d(l) = -11 - l - 101 - 21*l. Let o be d(-22). What is the greatest common factor of 12 and o?
12
Suppose 0 = -4*n - 5*s + 200, 2*s + 235 = 4*n + 63. Suppose 987 = 2*y + p, p - 1995 = -4*y + 6*p. What is the greatest common factor of n and y?
45
Suppose -38 = -7*f - 17. Suppose -169 - 171 = -f*y + 2*o, 3*y + 2*o = 332. What is the highest common divisor of y and 14?
14
Let x be (-387)/172 + (-2)/(-8). Let a be 9/2 + -3*x/(-12). What is the highest common factor of a and 48?
4
Let w be 168/78 - 2 - ((-167220)/13)/6. Calculate the greatest common divisor of 3484 and w.
268
Let f = 6139 + -6075. What is the greatest common factor of f and 96?
32
Suppose -9932 = 125*h - 24932. Calculate the highest common divisor of h and 264.
24
Let n(s) = -61*s - 11. Let k = 44 + -48. Let l be n(k). Suppose -2*q - 3*j + l = 2*q, -j - 221 = -4*q. Calculate the highest common factor of q and 14.
14
Let r = 8 + -6. Let c = 88 - 85. Suppose u = 5*n + 2, -4*n + c*n = -4*u + 84. Calculate the highest common factor of r and u.
2
Let t = -364 - -375. Suppose 7*c = t*c + j - 241, -c - 3*j + 63 = 0. Calculate the highest common divisor of c and 8.
4
Let p be (21 - -1)/(4 + -2). Suppose 3*y - 1 = p, -5*z - 2*y + 268 = 0. Let w(s) = 130*s**3. Let u be w(1). What is the highest common divisor of z and u?
26
Let n be 1/(((-15)/3)/(-5)). Let k be (20 + n)/3*(4 - 3). What is the greatest common factor of k and 49?
7
Let l(r) = 2*r**3 + 22*r**2 - 28*r + 32. Let p be l(-12). What is the greatest common factor of p and 920?
40
Let g = 9 - -27. Let u = -29 + 41. What is the highest common divisor of u and g?
12
Let p = -2120 + 2309. Let c(o) = 11*o - 1. Let x be c(2). Calculate the greatest common factor of p and x.
21
Let h = 17636 + -17555. What is the highest common divisor of 5697 and h?
27
Suppose -239 = 3*b + 4*f, 6*f - 101 = b + 2*f. Let p be (b/2)/(80/(-64)). What is the highest common divisor of 442 and p?
34
Let r(b) = 18*b - 108. Let z be r(6). Suppose 66*i - 59*i - 420 = z. What is the highest common divisor of i and 540?
60
Let m = 208 - 204. Suppose x + 3*x = m, 2*h = 4*x + 66. Calculate the greatest common divisor of h and 15.
5
Let v be (7/(-21))/(6/4) + (-114528)/(-216). What is the highest common divisor of 90 and v?
10
Let i be 68/24 + 2/12. Suppose 4*z = -i*n + 2*n + 12, -39 = -n + 5*z. Let c = -7733 - -7769. What is the highest common factor of n and c?
12
Suppose -5*a + 410 = w, -w = -5*a + 2*a - 362. What is the greatest common factor of 1615 and w?
95
Let u = -2199 - -2207. Let l be (-1 - (-15)/9)*42. Calculate the greatest common factor of l and u.
4
Suppose -966 = -12*x - 930. What is the highest common factor of 51 and x?
3
Let x be ((-3072)/72)/((-8)/12) + (-1 - 5). Let c(d) = d + 406. Let l be c(0). What is the highest common divisor of l and x?
58
Suppose 0 = -5*t + 5*w + 55, -11 = -2*t + w + 9. Let u(o) = o - o - 10 - t*o. Let x be u(-5). Calculate the highest common factor of x and 315.
35
Let d = -103 + 96. Let h be 72 + (-42)/d + 2*-1. What is the highest common factor of h and 608?
76
Suppose 0 = 4*y - 43 - 281. Suppose 84 = 5*l - y. Let i be (-264)/4*(-8)/4. Calculate the greatest common factor of l and i.
33
Let a be (-10)/(1 - (-12)/(-4)). Suppose -104 = -2*y + 5*d - d, 247 = 4*y + a*d. What is the greatest common divisor of 638 and y?
58
Let f be ((-60)/14)/((-400)/91000). Calculate the greatest common factor of f and 525.
75
Let i be 0*1/(-7) - -353. Let h = i + -220. Calculate the greatest common divisor of 19 and h.
19
Let d be (-10)/6*(-4)/(-4)*-102. Let r(g) = -11*g - 47. Let l be r(-7). Calculate the greatest common divisor of d and l.
10
Let a be 3/(-4) + (-27669)/(-92). Let g(c) = c**3 - c**2 - 2*c + 12. Let d be g(0). What is the greatest common divisor of a and d?
12
Let c be (-2 - (-1870)/(-15))*(-12)/10. Calculate the highest common factor of 48 and c.
8
Let y be 4477/148 - 31 - (-2)/(16/38814). Calculate the highest common divisor of y and 588.
147
Let d be 3/3 - 4/(-2). Let a(m) be the third derivative of m**4/4 + 2*m**3/3 - 4*m**2 + 66*m. Let g be a(d). What is the highest common divisor of g and 220?
22
Let u(c) = -c**2 - 120*c - 1374. Let v be u(-13). What is the greatest common divisor of 4811 and v?
17
Let k(c) = 26*c + 1. Let f be k(4). Let n = 371 + -308. Let s be (n/12)/((-4)/(-160)*5). Calculate the highest common factor of f and s.
21
Let t(h) = 2*h - 15. Let g be t(11). Let j be (3 - g - 71) + (-3 - -2). Let n = 156 + j. Calculate the highest common factor of 16 and n.
16
Suppose 2*b - 14 = 3*m, -5*b - 6*m = -10*m - 35. Let w be 216 - (-42)/(-49)*b. Calculate the highest common factor of w and 84.
42
Let f be 269 + -2 + -3*14/42. What is the greatest common factor of 57 and f?
19
Let m(a) = -38*a + 55. Let c be m(-12). Suppose 78 = u - 4*t - 7, 222 = 3*u - t. What is the greatest common factor of c and u?
73
Let b be (-25*(-21)/140)/((-6)/(-64)). Calculate the highest common factor of b and 865.
5
Let n(v) = -v**3 - 3*v**2 - 3*v + 1. Let a be n(-3). Let r be 0 + 1 + -1 + a. Let x be (175/28 - 6)*4*5. Calculate the highest common factor of x and r.
5
Suppose 590 - 308 = 4*k - 374. Calculate the greatest common factor of k and 287.
41
Let j(b) = -133*b + 4838. Let y be j(35). Calculate the highest common factor of y and 1647.
183
Let f = 133 + -128. Suppose 0 = f*i + 15, 0*i - 2*i = -4*a + 70. What is the greatest common factor of 216 and a?
8
Suppose -18*l = -445 - 527. Suppose 55*p = l*p + 74. Calculate the highest common divisor of p and 1184.
74
Let s = 62 - 55. Let r be 721/4 - ((-7)/(-4))/s. What is the highest common factor of 36 and r?
36
Let o be (-2655)/(-12) - 5/4. Suppos